(b) = 5*b - 228. Calculate j(44).
-8
Let v(c) = 3*c**2 - 5*c - 9. Give v(-2).
13
Let q(a) = -32*a + 17. Calculate q(-1).
49
Let y(f) = 3*f**2 - 19*f - 12. Calculate y(7).
2
Let b(v) = v**3 - 4*v**2 - 6*v - 6. Give b(5).
-11
Let t(v) = -26*v**2 + 234*v. Give t(9).
0
Let y(t) = -3*t**2 + 45*t - 4. Calculate y(15).
-4
Let o(l) = -46*l + 359. Give o(8).
-9
Let m(s) = -s**3 + 61*s**2 + 64*s - 119. Calculate m(62).
5
Let v(y) = y**2 + 15*y - 28. What is v(-14)?
-42
Let m(w) = w**3 - 9*w**2 - 24*w + 25. Calculate m(11).
3
Let h(z) = -2*z**2 + 2*z + 11. Calculate h(4).
-13
Let c(v) = v**3 + 11*v**2 - 26. Calculate c(-11).
-26
Let p(j) = -j**3 - 7*j**2 - 7*j - 3. Calculate p(-6).
3
Let h(r) = 8*r - 15. Determine h(0).
-15
Let u(w) = 3*w**3 + 118*w**2 + 39*w + 8. Calculate u(-39).
8
Let o(d) = d**3 + 11*d**2 - 10*d + 19. Give o(-12).
-5
Let d(x) = x + 9. Give d(-14).
-5
Let u(n) = n**3 - 6*n - 2. Determine u(-2).
2
Let g(x) = x + 59. Give g(0).
59
Let p(l) = -l**3 + 5*l**2 + 16*l + 5. What is p(7)?
19
Let j(h) = -5*h + 5. Give j(4).
-15
Let z(u) = 18*u + 4. Calculate z(2).
40
Let l(t) = t**2 - 26*t - 148. Determine l(31).
7
Let i(p) = 5*p**2 + 23*p - 1. Determine i(-5).
9
Let q(k) = -4*k + 31. Calculate q(9).
-5
Let a(q) = -3*q**2 + 5*q + 11. Give a(6).
-67
Let o(g) = -g**3 + 7*g**2 - 4*g - 2. What is o(6)?
10
Let c(d) = -d**3 + 18*d**2 + 7*d + 24. Give c(18).
150
Let v(y) = -7*y + 97. Determine v(15).
-8
Let r(p) = 2*p + 10. Give r(-9).
-8
Let n(l) = -l**2 + 8*l - 7. Determine n(5).
8
Let k(c) = -6*c + 16. Determine k(2).
4
Let s(x) = -x**3 + 13*x**2 - 10*x - 17. Calculate s(12).
7
Let v(c) = -c**3 - 8*c**2 + c + 13. Calculate v(-8).
5
Let w(r) = -r**3 + 3*r**2 - 5*r - 12. Give w(5).
-87
Let o(y) = y**2 - 41*y + 43. Calculate o(40).
3
Let y(d) = -d**3 + 2*d**2 + 2*d. Determine y(-1).
1
Let c(t) = -t**2 - 6*t + 105. Determine c(-14).
-7
Let q(k) = k**3 - 7*k**2 - 11*k - 1. Determine q(8).
-25
Let v(o) = -o**3 - 2*o**2 + 17*o - 8. Determine v(-6).
34
Let v(t) = -3*t + 10. Determine v(-3).
19
Let i(o) = o**3 + 2*o - 4. Determine i(3).
29
Let s(v) = v**2 - v - 18. Determine s(5).
2
Let k(h) = 2*h - 1. Calculate k(3).
5
Let i(g) = g + 5. What is i(-12)?
-7
Let w(j) = 14*j - 37. Calculate w(3).
5
Let g(p) = 8*p - 6. Calculate g(2).
10
Let u(w) = 3*w - 10. What is u(3)?
-1
Let q(r) = r**2 + 7*r + 6. Give q(-4).
-6
Let t(q) = 6*q + 101. What is t(-17)?
-1
Let z(q) = q**2 + 15*q - 20. Determine z(0).
-20
Let z(c) = -c**3 - c - 21. What is z(0)?
-21
Let d(f) = -f**2 + 17*f - 5. Give d(15).
25
Let x(b) = -17*b**2 + 3. Calculate x(-3).
-150
Let k(d) = -d**2 + 14*d + 73. Give k(18).
1
Let c(t) = -t**2 + t - 4. Calculate c(2).
-6
Let z(w) = -w**3 + 6*w**2 + 6*w - 7. Determine z(7).
-14
Let p(w) = -w**3 - 21*w**2 - 21*w - 26. What is p(-20)?
-6
Let t(g) = -7*g + 70. Calculate t(11).
-7
Let d(c) = -c**3 - c**2 + 9*c + 18. Determine d(-2).
4
Let s(m) = m**3 + 19*m**2 - 41*m + 25. Determine s(-21).
4
Let k(j) = -j**3 + 11*j**2 + 9*j - 97. Calculate k(11).
2
Let v(b) = -13*b + 47. What is v(3)?
8
Let d(u) = 11*u**2 + 4*u - 2. Determine d(1).
13
Let t(h) = -h**3 - 4*h**2 + h + 2. Give t(-5).
22
Let g(p) = -116*p + 804. What is g(7)?
-8
Let a(t) = 4*t**2 + 8*t - 145. What is a(-7)?
-5
Let h(c) = -c**3 + 5*c**2 - c - 8. Give h(4).
4
Let t(z) = -z**2 - 23*z - 3. Calculate t(-21).
39
Let x(m) = -7*m**2 - 41*m - 25. Give x(-5).
5
Let z(l) = -16*l. Determine z(-1).
16
Let i(h) = -h**2 + 18*h - 38. Give i(17).
-21
Let t(f) = -f**3 + 5*f**2 + 11*f - 38. Calculate t(6).
-8
Let b(n) = n**2 + 4*n + 9. What is b(-4)?
9
Let q(w) = 2*w**3 + 2*w**2 + 2*w + 31. Calculate q(0).
31
Let t(r) = 2*r + 13. What is t(-4)?
5
Let y(k) = -k**2 - 15*k - 32. Calculate y(-13).
-6
Let r(f) = -17*f - 320. Calculate r(-17).
-31
Let y(u) = -2*u + 19. Give y(15).
-11
Let b(o) = -9*o - 3. Determine b(7).
-66
Let d(h) = 5*h**3 - 3*h + 4. Calculate d(3).
130
Let n(x) = -x**3 + 14*x**2 - 12*x - 1. What is n(12)?
143
Let s(l) = -l**3 - 15*l**2 + l - 23. Determine s(-15).
-38
Let k(j) = -34*j - 79. Determine k(-4).
57
Let u(v) = -v**2 + 10*v - 1. What is u(11)?
-12
Let c(w) = -52*w - 3. Calculate c(3).
-159
Let s(p) = -p**2 - 3*p - 2. What is s(-1)?
0
Let r(o) = -8*o**3 - 3*o + 3. Calculate r(1).
-8
Let r(x) = -2*x + 5. What is r(4)?
-3
Let d(t) = -3*t**2 + 76*t + 132. Give d(27).
-3
Let n(a) = -4*a**2 + 1. Determine n(2).
-15
Let c(k) = -k - 5. Calculate c(4).
-9
Let n(t) = -t**2 + 4*t + 4. Determine n(7).
-17
Let n(s) = 12*s + 153. Determine n(-13).
-3
Let b(z) = -7*z**2 + 3*z - 8. Determine b(3).
-62
Let l(u) = u**3 + 7*u**2 - 20*u - 63. Calculate l(-9).
-45
Let q(a) = a - 2. Calculate q(-9).
-11
Let o(z) = -z + 17. What is o(5)?
12
Let d(a) = -a**2 + 9*a + 19. What is d(11)?
-3
Let c(q) = 3*q**2 + 17*q + 30. What is c(-2)?
8
Let s(h) = h**2 + 8*h - 18. Calculate s(-10).
2
Let c(b) = -6*b**2 + 36*b + 38. Give c(7).
-4
Let x(t) = 2*t**2 + 5*t - 3. Determine x(7).
130
Let z(i) = 12*i - 36. What is z(10)?
84
Let y(m) = m**2 + 23*m + 80. Determine y(-4).
4
Let w(m) = -m**3 - 17*m**2 + m + 23. Calculate w(-17).
6
Let a(k) = -k**3 + 2*k**2 + 5*k - 13. Calculate a(3).
-7
Let y(b) = -3*b - 8. What is y(5)?
-23
Let j(l) = -l**2 - 16*l - 29. Give j(-16).
-29
Let x(l) = -l**3 - 14*l**2 - 10*l + 19. Give x(-13).
-20
Let l(k) = -6*k**2 + k - 4. Determine l(3).
-55
Let u(s) = s**3 + 2*s**2 - 10*s + 14. Calculate u(2).
10
Let q(n) = -4*n**2 - 5*n + 7. Calculate q(3).
-44
Let z(h) = h**2 - 13*h + 8. Calculate z(11).
-14
Let b(r) = -r**3 - 24*r**2 + 20. What is b(-24)?
20
Let z(r) = -5*r**2 - 66*r - 9. Give z(-13).
4
Let r(a) = a**2 + 24*a - 82. Calculate r(-27).
-1
Let f(y) = 3*y + 25. What is f(-18)?
-29
Let x(z) = z**2 + 3*z - 4. Give x(4).
24
Let v(k) = 4*k**2 + 3*k - 21. Give v(5).
94
Let h(t) = t**3 + 5*t**2 - 10*t + 9. Determine h(-7).
-19
Let b(d) = 17*d + 6. Give b(-4).
-62
Let w(h) = -56*h**2 + 2*h + 2. Give w(-1).
-56
Let d(o) = 4*o**2 - 10*o - 10. What is d(-1)?
4
Let y(p) = -9*p + 1. Calculate y(-2).
19
Let z(s) = -4*s**3 + 3*s**2 - s - 1. Give z(2).
-23
Let k(x) = x**2 - 2*x - 2. Determine k(-6).
46
Let r(n) = n**3 + 15*n**2 + 15*n + 19. Give r(-14).
5
Let u(j) = j**2 - 22*j - 30. Determine u(22).
-30
Let n(w) = w**3 - 8*w**2 + 10*w + 9. What is n(8)?
89
Let d(k) = -31*k**3 - k**2 - 5*k - 4. Calculate d(-1).
31
Let l(o) = o + 8. Calculate l(-6).
2
Let r(o) = -2*o**3 - 10*o**2 - 5*o - 17. What is r(-5)?
8
Let y(x) = -x**2 + 11*x - 10. Give y(10).
0
Let m(k) = -k**2 - 2. Calculate m(-3).
-11
Let n(z) = -z**3 + 8*z**2 - 5*z - 19. Determine n(7).
-5
Let x(m) = m**2 + 4*m + 6. What is x(-8)?
38
Let b(s) = -s**2 + 45*s - 48. Calculate b(44).
-4
Let p(x) = -3*x - 41. Calculate p(-16).
7
Let m(o) = -20*o - 662. Calculate m(-33).
-2
Let n(u) = u**2 + 43*u + 122. Calculate n(-3).
2
Let l(r) = r**2 - 10*r + 9. Calculate l(8).
-7
Let q(w) = w**3 - 3*w**2 - 2*w + 4. Give q(4).
12
Let g(k) = -5*k**3 - k**2 - 2. Give g(-2).
34
Let z(w) = -3*w**2 + 12*w + 25. Give z(8).
-71
Let u(s) = -17*s + 144. Determine u(11).
-43
Let l(v) = 2*v**2 - 43*v + 20. What is l(19)?
-75
Let n(d) = d**3 + 34*d**2 + 34*d + 38. Give n(-33).
5
Let g(q) = q**3 + q**2 + 2*q - 7. Determine g(0).
-7
Let f(p) = -5*p - 16. Calculate f(-5).
9
Let h(y) = 8*y**2 + 41*y + 7. Determine h(-5).
2
Let u(c) = 2*c + 2. Calculate u(2).
6
Let o(c) = -6*c + 22. Give o(9).
-32
Let x(o) = o**3 - 18*o**2 + 33*o - 16. What is x(16)?
0
Let j(a) = a**3 + 23*a**2 - 78*a - 1. Determine j(-26).
-1
Let l(c) = -c**3 + 2*c + 2. Determine l(-2).
6
Let q(g) = -g**2 + 32*g - 116. Give q(28).
-4
Let b(c) = -c + 1. Calculate b(6).
-5
Let f(c) = 6*c - 29. Calculate f(6).
7
Let z(c) = -c**3 - 5*c**2 - c + 2. Determine z(-4).
-10
Let o(f) = 44*f**3 - f**2 - f. What is o(-1)?
-44
Let u(v) = v + 24. Give u(-22).
2
Let k(b) = -b**3 - 2*b**2 + 6*b - 6. What is k(-4)?
2
Let a(b) = b**3 - 25*b**2 + b - 22. Give a(25).
3
Let k(g) = 4*g**3 + 4*g**2 - 3*g - 4. Give k(-2).
-14
Let y(x) = x**2 - 11*x + 3. Determine y(5).
-27
Let b(f) = 10*f + 16. Give b(-3).
-14
Let c(w) = -w + 1. What is c(0)?
1
Let z(q) = q + 9. Calculate z(13).
22
Let o(x) = -10*x - 119. What is o(-12)?
1
Let m(s) = s**3 - 7*s**2 + 6*s + 4. Determine m(5).
-16
Let h(i) = 4*i - 80. What is h(19)?
-4
Let y(x) = -x**3 + 19*x**2